 common divisor of 20 and 260?
20
Calculate the greatest common divisor of 64 and 928.
32
What is the greatest common divisor of 96 and 160?
32
Calculate the greatest common factor of 24 and 324.
12
What is the greatest common divisor of 636 and 795?
159
What is the greatest common divisor of 26 and 78?
26
Calculate the greatest common divisor of 12 and 1000.
4
What is the greatest common divisor of 164 and 12?
4
Calculate the highest common factor of 319 and 11.
11
What is the greatest common divisor of 20 and 70?
10
Calculate the greatest common divisor of 33 and 132.
33
What is the greatest common factor of 228 and 76?
76
What is the greatest common factor of 105 and 105?
105
What is the greatest common divisor of 65 and 871?
13
Calculate the highest common divisor of 392 and 40.
8
What is the highest common divisor of 195 and 3405?
15
What is the greatest common factor of 12 and 204?
12
Calculate the highest common factor of 152 and 95.
19
What is the greatest common factor of 20 and 105?
5
What is the greatest common factor of 25 and 325?
25
Calculate the highest common factor of 75 and 115.
5
What is the greatest common factor of 3110 and 10?
10
Calculate the greatest common factor of 308 and 1057.
7
What is the greatest common factor of 361 and 38?
19
Calculate the highest common divisor of 13 and 7319.
13
What is the highest common factor of 898 and 2?
2
What is the highest common divisor of 4 and 288?
4
What is the highest common divisor of 5564 and 312?
52
What is the greatest common divisor of 5 and 245?
5
What is the greatest common factor of 21 and 1127?
7
What is the greatest common divisor of 96 and 2592?
96
What is the highest common factor of 1539 and 19?
19
What is the highest common factor of 324 and 468?
36
Calculate the greatest common divisor of 153 and 8109.
153
Calculate the greatest common divisor of 363 and 297.
33
Calculate the greatest common factor of 72 and 9.
9
What is the highest common divisor of 1984 and 372?
124
What is the greatest common divisor of 70 and 110530?
70
What is the highest common divisor of 18 and 414?
18
Calculate the highest common divisor of 90 and 126.
18
What is the highest common factor of 8236 and 994?
142
Calculate the greatest common factor of 186 and 10974.
186
Calculate the highest common factor of 324 and 564.
12
What is the greatest common factor of 10 and 9710?
10
What is the highest common factor of 10962 and 2646?
378
Calculate the greatest common divisor of 14357 and 49.
49
What is the greatest common divisor of 96 and 216?
24
What is the highest common factor of 33 and 3?
3
Calculate the greatest common divisor of 20 and 204.
4
Calculate the greatest common divisor of 2156 and 231.
77
What is the highest common divisor of 984 and 864?
24
What is the greatest common divisor of 68 and 736?
4
Calculate the greatest common factor of 243 and 594.
27
What is the greatest common factor of 30 and 5?
5
What is the greatest common factor of 33 and 24?
3
What is the greatest common factor of 1808 and 791?
113
What is the greatest common divisor of 371 and 14?
7
Calculate the highest common divisor of 390 and 20.
10
Calculate the greatest common divisor of 10335 and 636.
159
Calculate the highest common divisor of 15 and 2960.
5
Calculate the highest common divisor of 1968 and 384.
48
Calculate the greatest common divisor of 10 and 670.
10
Calculate the greatest common factor of 2466 and 18.
18
What is the greatest common factor of 64 and 4?
4
What is the greatest common divisor of 53 and 29097?
53
Calculate the highest common divisor of 13 and 22789.
13
What is the highest common divisor of 90 and 27?
9
Calculate the highest common factor of 427 and 4880.
61
What is the greatest common factor of 9 and 792?
9
Calculate the highest common divisor of 244 and 1159.
61
Calculate the greatest common divisor of 210 and 90.
30
Calculate the highest common divisor of 312 and 1911.
39
What is the greatest common factor of 68 and 170?
34
What is the greatest common divisor of 35 and 10?
5
Calculate the greatest common factor of 1189 and 533.
41
What is the greatest common factor of 308 and 28?
28
What is the highest common factor of 53949 and 147?
147
What is the highest common factor of 8734 and 66?
22
What is the highest common factor of 6615 and 210?
105
What is the greatest common factor of 34 and 34?
34
Calculate the greatest common divisor of 33 and 352.
11
What is the highest common divisor of 550 and 44?
22
What is the highest common divisor of 340 and 40?
20
Calculate the greatest common divisor of 3300 and 396.
132
What is the highest common factor of 220 and 3850?
110
Calculate the highest common divisor of 119 and 2023.
119
Calculate the greatest common divisor of 92 and 1610.
46
Calculate the greatest common divisor of 492 and 1804.
164
Calculate the greatest common divisor of 43 and 2107.
43
What is the highest common factor of 52 and 312?
52
What is the greatest common factor of 85 and 289?
17
Calculate the highest common divisor of 731 and 344.
43
What is the highest common factor of 35 and 21?
7
What is the highest common factor of 128 and 4?
4
Calculate the greatest common divisor of 58 and 174.
58
What is the greatest common factor of 84 and 39?
3
What is the highest common factor of 44178 and 199?
199
What is the greatest common divisor of 22 and 1573?
11
Calculate the greatest common factor of 428 and 1926.
214
What is the highest common factor of 148 and 20?
4
Calculate the highest common divisor of 494 and 234.
26
Calculate the highest common factor of 1602 and 89.
89
Calculate the greatest common divisor of 7 and 224.
7
Calculate the highest common factor of 2700 and 108.
108
What is the greatest common divisor of 8264 and 8?
8
What is the greatest common divisor of 627 and 570?
57
Calculate the highest common divisor of 23156 and 56.
28
Calculate the highest common divisor of 1573 and 5324.
121
Calculate the greatest common factor of 16 and 2032.
16
What is the highest common factor of 3 and 7989?
3
Calculate the highest common divisor of 120 and 75.
15
Calculate the highest common divisor of 816 and 1344.
48
Calculate the highest common divisor of 1450 and 150.
50
What is the greatest common factor of 37 and 2146?
37
Calculate the greatest common divisor of 844 and 28.
4
Calculate the highest common factor of 455 and 182.
91
What is the highest common factor of 39 and 78?
39
Calculate the highest common divisor of 96 and 132.
12
Calculate the highest common factor of 3710 and 53.
53
Calculate the highest common divisor of 33 and 110.
11
What is the greatest common divisor of 84 and 28?
28
Calculate the greatest common factor of 21384 and 44.
44
Calculate the greatest common divisor of 37092 and 88.
44
Calculate the greatest common factor of 75 and 10.
5
What is the highest common factor of 1647 and 61?
61
What is the greatest common factor of 99 and 81?
9
What is the highest common factor of 7 and 77?
7
What is the highest common factor of 26 and 234?
26
What is the highest common divisor of 14511 and 42?
21
What is the greatest common divisor of 399 and 3458?
133
Calculate the greatest common factor of 33 and 330.
33
Calculate the highest common divisor of 341 and 11.
11
What is the highest common divisor of 56 and 686?
14
What is the highest common divisor of 50 and 100?
50
Calculate the greatest common divisor of 13079 and 1595.
319
Calculate the greatest common divisor of 15 and 6855.
15
Calculate the greatest common divisor of 12 and 1371.
3
What is the highest common divisor of 640 and 4?
4
Calculate the highest common factor of 8 and 200.
8
Calculate the greatest common divisor of 13 and 91.
13
Calculate the greatest common factor of 50 and 3200.
50
Calculate the highest common divisor of 118 and 36226.
118
What is the highest common divisor of 165 and 22?
11
Calculate the greatest common factor of 20 and 12.
4
Calculate the highest common divisor of 636 and 12.
12
What is the highest common factor of 354 and 6?
6
What is the highest common divisor of 19 and 228?
19
Calculate the highest common divisor of 232 and 145.
29
What is the highest common factor of 132 and 1650?
66
Calculate the highest common factor of 6 and 6.
6
What is the greatest common divisor of